b) is divided by o?
6
Let s(b) = -3*b. Let z be s(4). Let h = z + 22. Calculate the remainder when 27 is divided by h.
7
Let u = -129 - -221. What is the remainder when u is divided by 31?
30
Let y = -17 - -29. Calculate the remainder when 33 is divided by y.
9
Let g(v) = -2*v**2 - 17*v + 11. Let c = 6 - 3. Suppose -26 = -c*m - 5. What is the remainder when g(-8) is divided by m?
5
Suppose -3*r = 4*n - 220, 0 = n + 2*r + r - 64. Suppose -7 = 5*g - n. What is the remainder when 34 is divided by g?
7
Let d = -65 - -120. Let w(f) = 2*f + 5. Suppose 4*i - 2*u + 3*u = 32, 40 = 4*i + 3*u. Calculate the remainder when d is divided by w(i).
17
Let v(d) = -12*d + 5. Calculate the remainder when 56 is divided by v(-2).
27
Suppose -5*o + 101 = -94. What is the remainder when o is divided by 14?
11
Let j = 20 - 2. Let k = j + -13. Suppose -c = -k*t + 21, 2 - 1 = -3*t + 4*c. What is the remainder when t is divided by 3?
2
Let j(d) = -13*d - 11. What is the remainder when j(-4) is divided by 22?
19
Let l = 1 + 2. Suppose 4 = -4*u + l*w, -6 = 5*u - 4*w - 0*w. What is the remainder when u is divided by (-2)/(-3) - (-8)/6?
0
Suppose 13*n = 7*n + 330. Calculate the remainder when n is divided by 19.
17
Let k be 21 - (3 - 6) - -3. Suppose 4*z - 3*h - 35 = 0, 4*z + 6*h - h - k = 0. Let m(t) = -5*t - 5. What is the remainder when m(-4) is divided by z?
7
Suppose -18 = -3*z - 6. Calculate the remainder when (-1 - -24) + (-4)/z is divided by 8.
6
Suppose 3*w + 2 = 38. Suppose 9*j = 13*j - w. What is the remainder when 8 is divided by j?
2
What is the remainder when ((-1)/2 + 0)*-2 is divided by 1?
0
Let x(q) = -11*q - 1. Let j(c) = -10*c. Let p(z) = -3*j(z) + 2*x(z). What is the remainder when 119 is divided by p(4)?
29
Let a(k) = -2*k + 9. Calculate the remainder when a(-15) is divided by 8.
7
Suppose -4*l = -0 - 20. What is the remainder when 23 is divided by l?
3
Let f(w) = -4*w + 2. What is the remainder when (1 + -18)/(6 - 0 - 7) is divided by f(-2)?
7
Let o(v) = -v**3 + 4*v**2 - v + 7. What is the remainder when 8 is divided by o(4)?
2
Let s be 14/(-6) - (-4)/3. Let j = 12 + s. Calculate the remainder when j is divided by 3.
2
Let u(f) = 6*f + 57. Let i = 3 + 1. What is the remainder when u(-8) is divided by i?
1
Let h be 0/(1 - (0 - 2)). Suppose o + 0*o - 41 = h. Calculate the remainder when o is divided by 14.
13
Suppose -2*p + 42 = -0*p. Suppose -3*q = -18 - 6. Calculate the remainder when p is divided by q.
5
Suppose i - 8 + 4 = 0. Let p = 4 - -6. Calculate the remainder when p is divided by i.
2
Let o(n) = 9 - 3 - n + 1 + 0. Let w be o(4). Suppose 5*g - w*g = 26. Calculate the remainder when 24 is divided by g.
11
Suppose -3*m = 3, -295 = -2*w - 2*w + 3*m. Suppose 21*l + 114 = 27*l. Calculate the remainder when w is divided by l.
16
Let g(d) = -3*d + 6. Let k(n) = -n**3 - 7*n**2 + 6*n - 3. Calculate the remainder when g(-15) is divided by k(-8).
12
Let i be (1*-2 - -4)/1. Suppose 4*m - i*p - 113 = -p, -2*m = -4*p - 74. Calculate the remainder when m is divided by 10.
7
Let j = 43 + -25. Suppose 2*s + 10 + 6 = 0. Let m = s + j. What is the remainder when 19 is divided by m?
9
Let y = 1 + 1. Suppose y*w = -0*w + 24. What is the remainder when 35 is divided by w?
11
Suppose 0 = 2*m - 45 + 23. What is the remainder when m is divided by 7?
4
Let a = 146 + -74. Let y = 104 - a. Suppose 5*x - 23 - y = 0. What is the remainder when x is divided by 7?
4
Suppose -3*i - 2*b + 126 = b, -2*b - 36 = -i. Let k be (-2)/((-3)/(-4 + 7)). Suppose -k*o = -4 - 38. Calculate the remainder when i is divided by o.
19
Suppose 0 = -2*j + 66 - 16. What is the remainder when j is divided by (14/4)/(3/12)?
11
Let l = 401 - 568. Calculate the remainder when l/(-13) - 4/(-26) is divided by -2*(-14)/4*1.
6
Let s be (-12)/(-7)*(-238)/(-4). What is the remainder when 74 is divided by s/4 + 3/(-6)?
24
Let z(v) = -v + 8. Let j be 0 - (8 + (0 - 2)). What is the remainder when 26 is divided by z(j)?
12
Let d(x) = -x**3 - 3*x**2 + 4*x + 4. Let m be d(-4). What is the remainder when 73 is divided by ((-200)/12)/(m/(-6))?
23
Suppose 8*k = 316 + 252. Calculate the remainder when k is divided by 36.
35
Let f(x) be the third derivative of 1/120*x**6 + 7/60*x**5 + 0 + 1/4*x**4 + 0*x - x**2 + 3/2*x**3. What is the remainder when 16 is divided by f(-6)?
7
Let t = -70 - -102. Suppose -12 = u - t. Calculate the remainder when 59 is divided by u.
19
Suppose 2*b = b + 2. Suppose 5*z + 5*a + 1 = 21, z - 5*a - 10 = 0. Let p(h) = -h + 6. Calculate the remainder when b is divided by p(z).
0
Suppose 4*a = -0*a + 88. Let i = -11 + 29. Suppose 2*y - i = -2. What is the remainder when a is divided by y?
6
Suppose -a + 5 + 4 = 0. Calculate the remainder when 24 is divided by a.
6
Let m = 11 + 6. Calculate the remainder when 66 is divided by m.
15
Suppose 7*t - 85 + 15 = 0. What is the remainder when 39 is divided by t?
9
Let x be (-5)/(-10) - 15/(-2). Let h(v) = -5*v - 1 - v + 0*v - 7*v**2 + v**3. What is the remainder when 27 is divided by h(x)?
12
Let k = 92 - 50. Calculate the remainder when k is divided by 9.
6
Let t(v) = v**3 + 3*v**2 + 4. Calculate the remainder when t(3) is divided by 3.
1
Suppose -3*q - 20 = -4*r + 135, -5*r = 5*q - 220. Suppose -4*x = -x - 3, -x = -3*c + r. Suppose 29 = 2*o - 53. Calculate the remainder when o is divided by c.
13
Let t = -18 - -48. What is the remainder when 59 is divided by t?
29
Let m = -6 + 9. Suppose -p + 14 = -3*u, 5*p = u + m*u + 26. Calculate the remainder when 4 is divided by p.
0
Let m(c) = c**2 - 7*c - 3. Let r(q) = -q**2 - 5*q. Let i be r(-5). Let h = 8 + i. What is the remainder when m(h) is divided by 2?
1
Let k(z) = 3*z**3 + 5*z**2 + 3*z - 2*z**3 + 2*z + 1. Let a be k(-5). Let l = -1 - a. Calculate the remainder when l is divided by 12.
11
Let w(l) = 2*l**2 + l + 6. What is the remainder when w(5) is divided by (-23 + 28/4)*(1 - 2)?
13
Let k(x) = -2*x + 3. Suppose -p + 6 = -0*p. Let q = p + -11. What is the remainder when 24 is divided by k(q)?
11
Suppose 16 = 3*z + z. Suppose z*p + m - 150 = 0, -2*m + m = 3*p - 112. Let v(a) = a**3 + 5*a**2 - a - 1. What is the remainder when p is divided by v(-3)?
18
Let d(h) = -5*h - 11 + 3 + 5. What is the remainder when d(-3) is divided by 7?
5
Suppose 3*h + o = 4*h + 20, 90 = -5*h + 3*o. What is the remainder when 33 is divided by 3/15 + (-252)/h?
16
Let c(p) = -p**2 - 13*p - 11. Suppose 13 = -2*u - 9. What is the remainder when 20 is divided by c(u)?
9
Suppose -3*h + s = -5, h - 5*s + 7 + 10 = 0. Suppose 3*r = 1 + 2. Calculate the remainder when h is divided by r.
0
Let v be ((0/(-1))/2)/(-2). Let o be ((-2)/4)/(1 + 39/(-36)). Suppose -2*t - t + o = v. Calculate the remainder when 7 is divided by t.
1
Calculate the remainder when 169 is divided by 6/(21 + -3) - 256/(-6).
40
Calculate the remainder when 80 is divided by 6/(-33) - (536/22)/(-2).
8
Suppose -40 = -x + 56. What is the remainder when x is divided by 50?
46
Suppose 0 = -4*c + 16, -2 + 0 = 3*n - 2*c. Suppose n*a = 4*a - 82. Let r = -3 + 17. What is the remainder when a is divided by r?
13
Suppose -5*q = -q - 3*h + 7, -5*q + 15 = h. Suppose q*w + 0*g = -5*g - 7, -4*g = 5*w + 9. Calculate the remainder when 22/((-1 - w) + 2) is divided by 6.
5
Let t = -3 + 6. Let g be t/(9/2 + -3). Calculate the remainder when 31 is divided by (-25)/(-3) - g/6.
7
Let g = 8 - 10. What is the remainder when (5/(-2))/(g/4) is divided by 2?
1
Let q(p) = 4*p + 4. Let k = -7 - -9. What is the remainder when 22 is divided by q(k)?
10
Let m = 11 + -6. Suppose -m*v + 3*x = -21, -5*v + 4 + 5 = 3*x. What is the remainder when 8 is divided by v?
2
Suppose 6*p - p = 5*o - 80, 4*o - 67 = 3*p. Calculate the remainder when 35 is divided by o.
16
Suppose -14 - 18 = -4*v + 3*n, 0 = 4*v + 3*n - 32. Suppose 2*g = 3 + 7. Calculate the remainder when v is divided by g.
3
Let a(d) = 2*d - 2. Let r be a(4). What is the remainder when r*(70/(-4))/(-5) is divided by 6?
3
Let n(t) = -t**3 - 23*t**2 + 24. What is the remainder when n(-23) is divided by 7?
3
Let f be (-3)/1*(2 - -1). Let v be (6/f)/(2/(-9)). Let m(r) = 5*r + 3. What is the remainder when m(v) is divided by 10?
8
Let b(i) = 3*i + 4. Let g be b(-6). Let v = 18 - g. Calculate the remainder when v is divided by 17.
15
Let q(r) = -r**3 + 1